
83
Evaluate -2 + (-2 - -66 - 2) + 48 + 43 + -101.
50
Calculate 10 - (-1 - (-18 + (3 - 1)) - (3169 + -3061)).
103
Calculate (-2 + 0 - 7) + -172 + (315 - 132).
2
Calculate (-12 + 8 + -4 + (14 - 7) - 2) + -8.
-11
Evaluate -9 + (-218 - -214) + 1 + 1 - -12.
1
Calculate 1317 + -1343 - (0 + -39) - (-51 + 2).
62
Calculate 71 - (2 + 5 + (14 - 6) - 10) - -8.
74
What is (-884 - -870) + 1 + -4 + -4 + 4?
-17
Evaluate 1 + -10 + 4 + 0 + 1 - 0.
-4
Evaluate (0 - (-8 + -4 - -14)) + (50 - -3).
51
What is the value of 51 - ((8 - -2) + -2 + -949 + 956)?
36
Evaluate -1 + 3 - ((-29 - 25 - -27) + 26).
3
Evaluate 22 - (5 - -54) - (-6 + 25).
-56
37 + -1 + (-52 - -117) + -107
-6
What is -71 + -17 + 80 - (0 - 2 - 3)?
-3
Evaluate 2 + -9 + 2 + (-5 - 0 - (65 + -100)).
25
Evaluate 58 - (36 + 7) - 48.
-33
-28 + 76 + (-3 - 91)
-46
What is the value of (-6 - (1 + -2)) + -39 + 47?
3
11 + -10 + -10 - (3 + 1 + (-22 - 83))
92
Evaluate (3 - (7 + -8 - (7 + 0))) + -2.
9
What is (7 - 0) + (-51 - -16 - (-6 - 7))?
-15
18 - 56 - -40 - -57
59
Calculate 1 + 1 + -6 + -5 + 1273 + -1298.
-34
What is the value of 64 - (31 + 16) - 32?
-15
404 + -390 + (6 - (-5 + 5)) - 103
-83
What is -24 - (-101 - (-17 + 1 + 3))?
64
7 - (8 - -12 - (-26 - -38))
-1
What is -46 + -31 + (17 - -20)?
-40
Calculate (248 - 248) + ((1 + 4 - 20) + 2 - 0).
-13
Calculate 0 + 1 + (120 + -5 - 114).
2
Calculate -26 + 123 - 50 - 17.
30
Calculate -84 + (-9 - -94) + 102 + 4.
107
What is -4376 - -4340 - (7 - 4 - 31)?
-8
-2 - (169 + -163 - ((3 - 5) + -7))
-17
(-1 - 1) + 8 + -1 + (-31 - 25) + 29
-22
-21 + -101 + 128 - -124
130
Evaluate (-4 - 20) + -482 + 495.
-11
Calculate 31 + (-70 - -72) + (-1 - -24).
56
Calculate -4 + -69 + (98 - 30) + 0 + 101.
96
-25 + 12 + -4 + 72 - (-4 - -17)
42
Evaluate -28 + -40 - (-158 + 176 + (-2 - 1)).
-83
Evaluate -80 + 225 + -87 - (0 - 1).
59
Calculate -2 + 25 - (-161 - -225).
-41
3 + 140 + -145 + -4 + -1 + -3 + -68
-78
What is (-2 + -8 - -26) + -9 + 23?
30
What is (-29 - (-5 - 23) - -27) + 1 + (-1 - 0)?
26
What is -19 + 0 - (14 - 2 - (28 + -14))?
-17
Calculate (1 + 16 - 3) + -3 + (278 - 260).
29
Evaluate (37 - 31 - 47) + -21 + (23 - 1).
-40
-104 - (35 - 36 - 33)
-70
What is the value of 64 + 10 + -21 + 24 + -6 + 1?
72
What is 14 + -14 + 13 - -94 - 33?
74
Calculate 64 + (-82 - 1) - (3 + 58).
-80
(57 - 49) + 32 + -30
10
Evaluate -20 + -22 + 66 + 0 + -15 - 91.
-82
What is the value of 19 + (6 - (-12 + 19)) - 1?
17
What is the value of (-11 - (-16 + 12) - -14) + 12 + 31?
50
(21 + -16 - 31) + -4 - -9
-21
Evaluate -1515 + 1421 + 4 + -4 + 5 + -3.
-92
Evaluate -87 - (18 + (6 - 4 - 23 - (-242 + 231))).
-95
Calculate 12 - 1 - (-148 + 0 - (-3800 + 3749)).
108
What is (25 - (27 - (27 + -16))) + 10?
19
Evaluate 94 - 106 - (11 + 5) - -74.
46
Calculate 13 + (-47 - -41 - 6).
1
Evaluate (47 - 37 - (37 + -4)) + 33.
10
Calculate -5 + 8 + (-3 - (-15 + -14)).
29
Calculate 2 - 122 - (-10 + (-7 + -4 - 2) + 12).
-109
Evaluate 94 - 10 - -9 - (9 + (-14 - -19)).
79
(89 - 59) + -7 + -38
-15
Evaluate 107 + -54 + 34 - 36.
51
What is the value of 50 - ((82 - 57) + 14)?
11
(18 - (-7 - -9)) + (-28 + 5 - 42)
-49
What is the value of -30 - (-18 - 98) - 135?
-49
Calculate -17 + (-49 - -42) + 1 + -10.
-33
What is (-1210 - -1233) + (0 - 2)?
21
Evaluate 67 - (-11 + 67 - 74).
85
What is the value of 96 + -227 + 37 - -5?
-89
Evaluate 13 + (2 - 5) + -8 + -39.
-37
Calculate 0 + -73 + 105 + (2 - 3).
31
What is the value of 7 + (12 - -5) + (7 - -1)?
32
(-79 - -71) + -63 + 2 - (-19 + -1)
-49
-21 + 168 + (-195 - -91)
43
Evaluate (284 - 137 - 68) + -3 + 0 + -17.
59
What is the value of -7780 - -8000 - (106 + 0)?
114
Evaluate 3 - (-76 - -52) - 8.
19
What is the value of 52 - (6 + (-1 - 7 - (-48 - -55)))?
61
Evaluate 3 - (-1 - (-1 + 4 - (-369 - -382))).
-6
What is (-12 - -13) + (117 - 119) - 69?
-70
Evaluate 1576 + -1516 + (-1 - 81).
-22
-12 + -6 + 9 + (31 - 17) + 3 + -15
-7
What is the value of 130 + -19 + -12 + -50?
49
What is (-2 - 55) + 19 + -7 + (-2 - -1)?
-46
What is the value of (-14 - (1 - 2)) + 6208 + -6194?
1
Calculate -15 - ((13 - 1) + -13 - 8) - -57.
51
(-20 - -8 - -31 - 11) + -43 + 10 + 2
-23
-115 + 67 - (-47 + -13)
12
-126 - -112 - (28 + (6 - 0))
-48
Calculate 1 - -34 - (-59 + (-56 - -155)).
-5
What is the value of (7 - -18) + -7 + (-155 + 24 - -35)?
-78
Calculate (55 + (-9 - 24) - 0) + -94.
-72
What is (-25 - 20) + 21 + -30 + -19?
-73
What is 30 + (-126 - -71 - -114)?
89
What is the value of (-1 - (-3 + (-8 - -7))) + (0 - 9)?
-6
What is the value of 0 + -5 + -2927 + 2942?
10
Evaluate 13 - 86 - (-142 + 158).
-89
What is (-40 - 11) + 16 + -9 + -2 + 5?
-41
16 - (-4 - 2) - (-359 + 398)
-17
Evaluate (-3 + 14 - ((1 - 11) + 13)) + -47.
-39
What is the value of 75 - -1 - (-82 - (-62 + 55 - 56))?
95
What is -175 + 29 + 63 - -55?
-28
What is the value of (-142 - (-5 - 0)) + 1717 + -1703?
-123
What is the value of 16 + 128 + -136 + 83?
91
-112 + -14 + 1 + 126 + -119 + (-1 - -13)
-106
Evaluate 23 + (-52 + (-27 - -27) - -25).
-4
Evaluate -53 - -139 - 227 - (8 - 26).
-123
-92 + (-7 + 8 - 3 - -20)
-74
Calculate -21 - -3 - 32 - -5 - 3.
-48
What is the value of -8 - (42 - 29 - (-8 - (1 - -18)))?
-48
What is -449 + 522 - (5 - -78)?
-10
What is 93 + 11 + -60 + (3 - 14)?
33
Calculate (-1 - (-5 + 3)) + (-96 - -87) - -32.
24
Evaluate 17 + (-211 - (6 - 132)).
-68
-96 + (91 - 15) + (-1 - 0) + (-2 - -1)
-22
What is the value of (212 - 206) + (-3 + -4 + 10 - 14) - 41?
-46
What is the value of -18 - (-21 + (38 - 20) + 6 + -3)?
-18
What is the value of -11 - 3 - ((-1 - -4) + -8) - (274 - 227)?
-56
What is -8 + (-5 - (15 - (-17 - -19)))?
-26
4 - (11 + -83 + 73 + (2 - 2)) - -65
68
What is -52 + (79 - (-5 - -26)) - (1 - (-1 + -26))?
-22
What is the value of 41 - ((10 - 1) + (-1 - -7 - (-68 + 78)))?
36
What is 6 - (24 - 40) - (-1 + 1)?
22
Calculate (-51 - 116 - -194) + (3 - -15) + 2.
47
Calculate 390 + -574 - (-6 + -74).
-104
Evaluate -89 - (-7 + 20 - (-15 + 23 - -17)).
-77
Evaluate (-54 - -3) + (1 - 2) - (-91 - (-136 + 39)).
-58
-20 + (18 - -2 - 14) + 6
-8
Calculate 415 + -429 - ((18 - 3) + 1 + -2).
-28
What is -53 - (10 - -2 - 53)?
-12
Evaluate 117 + (23 + -50 - (-17 - -4)) - 8.
95
6 + 0 + (-132 - -53) - (-4 + 2)
-71
Calculate 0 + (5 - 5) + (-18 - (-9 + -11)).
2
Calculate -4 - (1 + 0 + -12 - (-6 + 19)).
20
-4 + 8 + (4 - (-13 + 16) - -9)
14
(-12 - (45 + -60) - 12) + (-1 - 36)
-46
What is the value of 36 - (8 - (2 + -47))?
-17
Evaluate -7 + 1 + -3 + 6 + 12 + (-196 - -228).
41
Evaluate (11 - 1) + -35 + 116 + -21 + 8.
78
0 + -32 + 395 + -426 - (-18 - -2)
-47
Calculate (11 - (2 + -8) - (33 - -57)) + -3 + 10.
-66
-50 + (13 + -19 - -8 - 15) + (-2 - -4)
-61
Evaluate -22 + (18 - (21 + 15)).
-40
What is the value of (7 - 6 - (-5 - (-11 + -3 + 6))) + 15?
13
What is the value of -1402 - -1425 - (-2 + 79)?
-54
Calculate 135 - 97 - (-33 - -97).
-26
3 + -5 - (-375 + 470)
-97
What is (10 - 84) + 152 + -3?
75
Evaluate (1 - 0) + -89 + 54 + 70.
36
Calculate (87 - 6) + -48 - (-1 + (-1 - -1) - 1).
35
-13 - -52 - (125 + -62)
-24
What is the value of 23 + (43 - 56) + 40 + 21?
71
What is the value of -38 + (-3 - (37 - 11) - -12)?
-55
Evaluate -135 - -132 - (1 + (21 - 11)).
-14
What is (10 - 1) + (-51 - 18 - -64)?
4
-365 - -214 - (8 - 57)
-102
Calculate 20 - ((125 - 0) + -3 - (59 + -55)).
-98
What is the value of -18 + (-22 + 56 - (23 - 3))?
-4
22 - (-7 + (-1 - -13) - (-4 + 3 + -1))
15
What is the value of (-5 - (-124 - (-12 + -2))) + 15 + -8?
112
Evaluate -9 + 48 + (-36 - -18) + -1 + 8.
28
Evaluate (-44 - -12) + 27 - 22.
-27
What is 162 + (-93 - 29) + -66?
-26
Evaluate (16 - ((5 - 8) + 7 - (61 - 77))) + 76.
72
What is -1 - (2 + -1) - -131 - (-80 - (-255 - -176))?
130
Calculate (-5106 - -5084) + -2 + 90.
66
What is -3 + -81 + 50 - (31 - (2 - -7))?
-56
What is the value of (-7 - -9) + (-1 - 6) + (-12 - 7)?
-24
What is -42 - (-1 + 1 + -2) - (-1225 - -1229)?
-44
What is the value of -80 - -20 - -141 - 67?
14
Evaluate (-28 - 19 - -3) + (50 - 22).
-16
45 + (116 - 324) - -74
-89
What is the value of -135 - -45 - (-48 - 68)?
26
What is -1694 - -1667 - ((-1 - -3) + -130)?
101
416 + -313 + 18 + -25
96
What is the value of -4 + -1 + (-6 - -3 - 2) - (56 - 53)?
-13
42 - (37 + 27 - 10)
-12
What is -6 + 1 + (25 - (29 - (48 + 28)))?
67
Calculate 21 - (21 + 0 + (1346 - 1336)).
-10
What is the value o